te j(11).
-16
Let u(q) = -2*q**3 + 9*q**2 + 7. Determine u(4).
23
Let i(q) = q**3 + 4*q**2 + 7*q + 7. Calculate i(-5).
-53
Let d(s) = -73*s - 512. Determine d(-7).
-1
Let q(x) = -x**2 - 15*x - 22. What is q(-14)?
-8
Let s(t) = -t**2 - 38*t - 59. Calculate s(-38).
-59
Let i(b) = 4*b**3 - 45*b**2 + 9*b + 22. Determine i(11).
0
Let q(p) = -p**2 + 9*p - 1. Calculate q(7).
13
Let j(s) = 9*s - 573. What is j(63)?
-6
Let x(o) = o - 8. Calculate x(9).
1
Let v(l) = -2*l - 13. Calculate v(-8).
3
Let f(c) = 3*c**2 + 16*c + 6. What is f(-6)?
18
Let h(m) = -m**2 - 8*m - 15. What is h(-5)?
0
Let s(t) = -t**2 + 36*t - 186. What is s(6)?
-6
Let d(t) = -t**3 - 22*t**2 - 22*t - 2. Give d(-21).
19
Let g(j) = j + 23. Give g(-10).
13
Let r(f) = 7*f - 32. Give r(-6).
-74
Let w(x) = 23*x**2 + 2*x - 1. Calculate w(1).
24
Let c(l) = -l + 23. Determine c(0).
23
Let t(n) = -n**3 - 24*n**2 - 62*n + 10. Determine t(-21).
-11
Let r(t) = -t**3 + 2*t**2 - 5. What is r(2)?
-5
Let u(f) = f**2 - 17*f - 25. Determine u(18).
-7
Let p(k) = k**2 - 23*k - 4. Calculate p(13).
-134
Let y(k) = -k**3 + 37*k + 15. What is y(-6)?
9
Let d(m) = 5*m + 125. Give d(-23).
10
Let a(n) = n**2 - 10*n + 1. Determine a(6).
-23
Let h(p) = 4*p**3 - 2*p**2 + 4*p + 5. Give h(-1).
-5
Let o(s) = -s + 7. What is o(15)?
-8
Let g(i) = 5*i - 36. Give g(15).
39
Let c(d) = 2*d + 7. Give c(-10).
-13
Let n(y) = 2*y - 6. Calculate n(0).
-6
Let b(w) = -5*w + 69. Give b(16).
-11
Let j(x) = 8*x**2 + 4*x - 3. Give j(1).
9
Let j(s) = -s**3 - s**2 + 7*s + 1. What is j(-3)?
-2
Let z(i) = -10*i - 6. Calculate z(7).
-76
Let w(y) = -y - 18. Determine w(-13).
-5
Let j(a) = a**3 - 10*a**2 - 11*a + 16. Calculate j(11).
16
Let m(t) = 2*t**3 - 5*t**2 + 11*t - 11. Determine m(1).
-3
Let s(v) = -5*v - 8. Determine s(10).
-58
Let r(q) = -2*q**2 - 47*q + 72. What is r(-25)?
-3
Let g(s) = s**2 + 15*s + 22. What is g(-15)?
22
Let v(z) = z**3 + 23*z**2 + 43*z - 3. Calculate v(-21).
-24
Let b(n) = 2*n**2 + 17*n - 13. Determine b(-9).
-4
Let u(i) = i**2 - 5. Give u(2).
-1
Let m(p) = -p**2 - 16*p + 48. Calculate m(-17).
31
Let i(m) = -m**3 + 3*m**2 + 4*m + 28. Calculate i(5).
-2
Let s(a) = a - 2. What is s(0)?
-2
Let x(y) = -y - 26. Give x(-13).
-13
Let v(d) = -2*d**3 + 10*d**2 - 1. What is v(5)?
-1
Let x(l) = l**3 - 11*l**2 - 14*l + 23. Give x(12).
-1
Let k(y) = 3*y - 25. Determine k(10).
5
Let z(q) = -2*q**2 + 8*q - 13. Calculate z(3).
-7
Let f(k) = -k**3 + 6*k**2 - k - 3. Calculate f(5).
17
Let y(m) = -m**2 + 7*m - 1. Give y(6).
5
Let c(g) = g**3 - 3*g**2 - 27*g - 4. Determine c(-5).
-69
Let c(d) = d + 20. Determine c(0).
20
Let r(q) = -q - 75. What is r(-5)?
-70
Let p(b) = 9*b + 84. Determine p(-10).
-6
Let w(t) = 2*t**3 - 22*t**2 - 11. Calculate w(11).
-11
Let z(n) = n**2 - 18*n - 64. Determine z(21).
-1
Let a(c) = -45*c - 4. What is a(1)?
-49
Let c(v) = v**2 + 13*v - 5. What is c(-10)?
-35
Let x(a) = -2*a - 9. Give x(5).
-19
Let n(d) = -278*d - 1384. Calculate n(-5).
6
Let c(q) = -16*q - 1. What is c(1)?
-17
Let z(a) = 2*a - 23. Calculate z(10).
-3
Let v(b) = b**3 - 3*b**2 - 10*b - 3. Calculate v(7).
123
Let i(x) = 7*x - 61. Give i(10).
9
Let k(l) = -51*l - 313. What is k(-6)?
-7
Let c(y) = -y**2 - 3*y + 11. Give c(6).
-43
Let m(h) = 6*h + 76. Calculate m(-13).
-2
Let o(s) = -s**3 - 19*s**2 + 16*s + 298. What is o(-19)?
-6
Let j(k) = -k - 5. Calculate j(11).
-16
Let k(m) = -m**3 + 4*m**2 + 2*m + 9. Determine k(4).
17
Let s(x) = x**3 + 7*x**2 + 8*x + 4. Determine s(-3).
16
Let w(m) = 2*m**2 + 6*m - 19. Give w(-7).
37
Let t(f) = f**2 + 6*f - 62. What is t(-11)?
-7
Let r(z) = 15*z - 7. Give r(1).
8
Let s(o) = o**3 - 5*o**2 + 2*o + 8. Determine s(5).
18
Let g(f) = -f**3 + 10*f**2 - 16*f - 4. Calculate g(8).
-4
Let y(c) = c**2 - 5*c - 3. Determine y(3).
-9
Let x(n) = 17*n - 2. Calculate x(1).
15
Let a(s) = -2*s**2 - 13*s - 8. What is a(-4)?
12
Let w(m) = -2*m**2 + 9*m. Give w(5).
-5
Let o(h) = h**3 - 11*h**2 - 14*h + 18. Calculate o(12).
-6
Let t(a) = -4*a**3 - 2*a**2 + 2*a - 1. Calculate t(1).
-5
Let s(u) = -5*u - 18. Calculate s(-3).
-3
Let l(s) = 2*s**2 + 3*s - 16. What is l(0)?
-16
Let n(m) = 5*m**2 - 9*m - 3. Give n(2).
-1
Let p(o) = 27*o**2 - 5*o + 3. Give p(1).
25
Let f(k) = k**2 - 11*k + 8. What is f(6)?
-22
Let w(g) = -2*g**2 + g + 1. Determine w(-2).
-9
Let q(l) = l**3 - 2*l**2 + 2*l + 2. Determine q(2).
6
Let l(j) = -j**2 + 15*j + 5. Give l(16).
-11
Let o(b) = -b**2 + 13*b + 41. What is o(16)?
-7
Let y(x) = 2*x**3 - 4*x**2 - 2*x + 3. What is y(3)?
15
Let i(a) = -40*a + 359. Give i(9).
-1
Let o(i) = 5*i - 44. Calculate o(9).
1
Let p(m) = m**3 - 9*m**2 + 6*m - 1. Give p(9).
53
Let m(b) = 7*b - 162. Give m(18).
-36
Let n(k) = 23*k**2 - 9*k + 10. Calculate n(1).
24
Let o(p) = 4*p - 42. What is o(11)?
2
Let o(d) = 3*d**2 - 13*d + 25. What is o(7)?
81
Let d(b) = 4*b - 51. Give d(14).
5
Let g(m) = 2*m**2 - 5*m + 5. Give g(2).
3
Let j(c) = -12*c - 36. Give j(8).
-132
Let s(h) = h**3 - 9*h**2 - 18*h + 57. What is s(10)?
-23
Let z(b) = -b**3 - 52*b**2 - 389*b - 83. Give z(-43).
3
Let z(l) = l**3 + 8*l**2 - 9*l - 2. Calculate z(-9).
-2
Let d(i) = -i**3 + 2*i**2 + 7*i + 4. Give d(4).
0
Let z(s) = -14*s**2 + s. What is z(1)?
-13
Let w(o) = -2*o - 20. Determine w(-3).
-14
Let i(x) = -x**2 - 7*x + 4. Calculate i(-6).
10
Let s(b) = b + 7. Determine s(10).
17
Let t(q) = -2*q**2 - 2*q + 3. Calculate t(2).
-9
Let b(a) = -a**3 - 10*a**2 - a + 13. Determine b(-10).
23
Let r(g) = g**2 + 3*g - 7. Determine r(-8).
33
Let b(h) = -2*h**3 - 4*h**2 + 8*h - 6. Calculate b(2).
-22
Let d(c) = -8*c + 2. Give d(-7).
58
Let f(v) = -v**3 - 3*v**2 - v + 7. Give f(-3).
10
Let h(w) = 17*w + 123. Calculate h(-7).
4
Let s(b) = b**3 - 5*b**2 - 42*b + 45. Give s(9).
-9
Let y(m) = -m**2 + 17*m - 19. Calculate y(13).
33
Let s(k) = -k + 5. Calculate s(0).
5
Let n(f) = -3*f**2 - 45*f - 12. What is n(-15)?
-12
Let u(i) = i**3 - 5*i**2 - 8*i + 10. What is u(6)?
-2
Let r(i) = 81*i - 328. Give r(4).
-4
Let k(h) = h - 51. Give k(22).
-29
Let b(d) = 2*d**2 - 5*d - 7. Give b(-3).
26
Let x(j) = 2*j - 64. Determine x(27).
-10
Let c(g) = -g**2 + 29*g + 16. Calculate c(30).
-14
Let c(k) = -k**3 + 3*k**2 - 6*k + 9. What is c(5)?
-71
Let n(v) = v**2 + 2*v - 7. Give n(-3).
-4
Let v(t) = 4*t**3 + 3*t**2 + t - 1. Determine v(-1).
-3
Let f(m) = 20*m - 72. Determine f(10).
128
Let p(t) = 6*t**3. Calculate p(3).
162
Let n(z) = -2*z**3 + 36*z**2 - 36*z + 32. Determine n(17).
-2
Let h(o) = 32*o + 14. Calculate h(2).
78
Let g(o) = -o**2 + o + 7. Determine g(0).
7
Let k(b) = 4*b**2 - b + 2. What is k(-2)?
20
Let c(z) = 2*z**2 - 3*z - 4. Give c(3).
5
Let y(n) = n**2 - 10*n + 14. Calculate y(6).
-10
Let s(x) = -x**2 + 22*x - 36. Calculate s(20).
4
Let u(h) = h**3 - 6*h**2 - 32*h + 36. What is u(9)?
-9
Let s(v) = 6*v - 9. Calculate s(-4).
-33
Let a(z) = -z - 4. Calculate a(-14).
10
Let s(b) = -b**2 - 13*b - 10. What is s(-11)?
12
Let h(t) = -t**3 + 6*t**2 - 7*t + 7. Calculate h(5).
-3
Let n(r) = -r**3 + 7*r**2 - r + 6. Give n(7).
-1
Let p(r) = r**3 - 8*r**2 + r - 20. What is p(6)?
-86
Let l(c) = -5*c - 30. Give l(-9).
15
Let u(s) = 2*s - 5. Determine u(0).
-5
Let r(z) = -20*z - 140. What is r(-8)?
20
Let s(w) = -16*w**3 - 8*w**2 + 12*w - 2. What is s(1)?
-14
Let b(y) = y**2 + 9*y + 5. What is b(-8)?
-3
Let y(a) = -6*a + 5. Calculate y(2).
-7
Let f(s) = -4*s + 66. Give f(19).
-10
Let d(z) = z**3 + 11*z**2 + 23*z + 46. Determine d(-9).
1
Let c(x) = -x**3 + 8*x**2 + 3*x - 46. Give c(5).
44
Let r(q) = 2*q**3 - 14*q**2 + 10*q + 9. Determine r(6).
-3
Let m(p) = -2*p**3 - 15*p**2 + 6*p - 17. Calculate m(-8).
-1
Let f(q) = -q**3 - 6*q**2 - 24*q - 68. Calculate f(-4).
-4
Let o(i) = -i - 3. Give o(6).
-9
Let d(z) = -5*z**2 + 18*z + 3. Calculate d(4).
-5
Let f(y) = y**3 - 6*y**2 + 4*y - 24. What is f(6)?
0
Let u(j) = -j**2 - 5*j - 1. Determine u(-4).
3
Let v(q) = 3*q**3 + 116*q**2 - 40*q - 22. Calculate v(-39).
17
Let q(k) = 3*k - 11. What is q(-2)?
-17
Let l(q) = q**3 + 9*q**2 - 12*q - 12. Calculate l(-9).
96
Let p(w) = 4*w**2 + 18*w - 17. What is p(-6)?
19
Let h(k) = k**3 + 57*k**2 + 164*k + 116. Determine h(-54).
8
Let j(z) = -2*z**2 - 2*z - 6. Calculate j(-4).
-30
Let z(o) = -3*o**2 + 43*o - 12. What is z(14)?
2
Let b(r) = -r - 22. Calculate b(-5).
-17
Let d(n) = -2*n**3 + 28*n**2 - 28*n + 19. Deter